{"id":6724,"date":"2025-10-01T12:12:56","date_gmt":"2025-10-01T12:12:56","guid":{"rendered":"https:\/\/atlantichealthwellnesssummit.com\/?page_id=6724"},"modified":"2025-10-03T15:52:19","modified_gmt":"2025-10-03T15:52:19","slug":"credencial-de-staff","status":"publish","type":"page","link":"https:\/\/atlantichealthwellnesssummit.com\/eng\/credencial-de-staff\/","title":{"rendered":"Credencial de Staff"},"content":{"rendered":"<style>.elementor-6724 .elementor-element.elementor-element-40e21a8{--display:flex;--min-height:300px;--flex-direction:row;--container-widget-width:calc( ( 1 - var( --container-widget-flex-grow ) ) * 100% );--container-widget-height:100%;--container-widget-flex-grow:1;--container-widget-align-self:stretch;--flex-wrap-mobile:wrap;--justify-content:center;--align-items:center;--margin-top:100px;--margin-bottom:0px;--margin-left:0px;--margin-right:0px;}.elementor-6724 .elementor-element.elementor-element-40e21a8:not(.elementor-motion-effects-element-type-background), .elementor-6724 .elementor-element.elementor-element-40e21a8 > .elementor-motion-effects-container > .elementor-motion-effects-layer{background-image:url(\"https:\/\/atlantichealthwellnesssummit.com\/wp-content\/uploads\/2025\/05\/newbg8.png\");background-position:center center;background-repeat:no-repeat;background-size:cover;}.elementor-6724 .elementor-element.elementor-element-f667b27{--display:flex;--gap:0px 0px;--row-gap:0px;--column-gap:0px;}.elementor-widget-heading .elementor-heading-title{font-family:var( --e-global-typography-primary-font-family ), Sans-serif;font-weight:var( --e-global-typography-primary-font-weight );color:var( --e-global-color-primary );}.elementor-6724 .elementor-element.elementor-element-16989b4 .elementor-heading-title{font-family:\"Lato\", Sans-serif;font-size:42px;font-weight:700;color:#FFFFFF;}.elementor-6724 .elementor-element.elementor-element-6c002e1{--display:flex;--min-height:800px;--flex-direction:column;--container-widget-width:100%;--container-widget-height:initial;--container-widget-flex-grow:0;--container-widget-align-self:initial;--flex-wrap-mobile:wrap;--overlay-opacity:0.8;--padding-top:100px;--padding-bottom:100px;--padding-left:0px;--padding-right:0px;}.elementor-6724 .elementor-element.elementor-element-6c002e1:not(.elementor-motion-effects-element-type-background), .elementor-6724 .elementor-element.elementor-element-6c002e1 > .elementor-motion-effects-container > .elementor-motion-effects-layer{background-color:var( --e-global-color-text );background-image:url(\"https:\/\/atlantichealthwellnesssummit.com\/wp-content\/uploads\/2025\/05\/3O2A6803.jpg\");background-position:center center;background-repeat:no-repeat;background-size:cover;}.elementor-6724 .elementor-element.elementor-element-6c002e1::before, .elementor-6724 .elementor-element.elementor-element-6c002e1 > .elementor-background-video-container::before, .elementor-6724 .elementor-element.elementor-element-6c002e1 > .e-con-inner > .elementor-background-video-container::before, .elementor-6724 .elementor-element.elementor-element-6c002e1 > .elementor-background-slideshow::before, .elementor-6724 .elementor-element.elementor-element-6c002e1 > .e-con-inner > .elementor-background-slideshow::before, .elementor-6724 .elementor-element.elementor-element-6c002e1 > .elementor-motion-effects-container > .elementor-motion-effects-layer::before{--background-overlay:'';background-color:#000000;}.elementor-6724 .elementor-element.elementor-element-263a799{--display:flex;--justify-content:center;--align-items:center;--container-widget-width:calc( ( 1 - var( --container-widget-flex-grow ) ) * 100% );}.elementor-widget-icon.elementor-view-stacked .elementor-icon{background-color:var( --e-global-color-primary );}.elementor-widget-icon.elementor-view-framed .elementor-icon, .elementor-widget-icon.elementor-view-default .elementor-icon{color:var( --e-global-color-primary );border-color:var( --e-global-color-primary );}.elementor-widget-icon.elementor-view-framed .elementor-icon, .elementor-widget-icon.elementor-view-default .elementor-icon svg{fill:var( --e-global-color-primary );}.elementor-6724 .elementor-element.elementor-element-c4fc13b .elementor-icon-wrapper{text-align:center;}.elementor-6724 .elementor-element.elementor-element-c4fc13b.elementor-view-stacked .elementor-icon{background-color:#FFFFFF00;}.elementor-6724 .elementor-element.elementor-element-c4fc13b.elementor-view-framed .elementor-icon, .elementor-6724 .elementor-element.elementor-element-c4fc13b.elementor-view-default .elementor-icon{color:#FFFFFF00;border-color:#FFFFFF00;}.elementor-6724 .elementor-element.elementor-element-c4fc13b.elementor-view-framed .elementor-icon, .elementor-6724 .elementor-element.elementor-element-c4fc13b.elementor-view-default .elementor-icon svg{fill:#FFFFFF00;}.elementor-6724 .elementor-element.elementor-element-c4fc13b .elementor-icon{font-size:110px;}.elementor-6724 .elementor-element.elementor-element-c4fc13b .elementor-icon svg{height:110px;}.elementor-6724 .elementor-element.elementor-element-c4fc13b > .elementor-widget-container{margin:-25px 0px -30px 0px;padding:0px 0px 0px 0px;}.elementor-6724 .elementor-element.elementor-element-6b36ba4{text-align:center;}.elementor-6724 .elementor-element.elementor-element-6b36ba4 .elementor-heading-title{font-family:\"Lato\", Sans-serif;font-size:56px;font-weight:700;color:var( --e-global-color-efacb60 );}.elementor-widget-text-editor{font-family:var( --e-global-typography-text-font-family ), Sans-serif;font-weight:var( --e-global-typography-text-font-weight );color:var( --e-global-color-text );}.elementor-widget-text-editor.elementor-drop-cap-view-stacked .elementor-drop-cap{background-color:var( --e-global-color-primary );}.elementor-widget-text-editor.elementor-drop-cap-view-framed .elementor-drop-cap, .elementor-widget-text-editor.elementor-drop-cap-view-default .elementor-drop-cap{color:var( --e-global-color-primary );border-color:var( --e-global-color-primary );}.elementor-6724 .elementor-element.elementor-element-f76b9e4{text-align:center;font-family:\"Lato\", Sans-serif;font-size:16px;font-weight:400;color:#FFFFFF;}.elementor-6724 .elementor-element.elementor-element-81db92e{--display:flex;--flex-direction:row;--container-widget-width:calc( ( 1 - var( --container-widget-flex-grow ) ) * 100% );--container-widget-height:100%;--container-widget-flex-grow:1;--container-widget-align-self:stretch;--flex-wrap-mobile:wrap;--justify-content:center;--align-items:center;--gap:30px 30px;--row-gap:30px;--column-gap:30px;--margin-top:0px;--margin-bottom:0px;--margin-left:0px;--margin-right:0px;--padding-top:0px;--padding-bottom:0px;--padding-left:0px;--padding-right:0px;}.elementor-6724 .elementor-element.elementor-element-34636c4{--display:flex;--min-height:280px;--flex-direction:column;--container-widget-width:calc( ( 1 - var( --container-widget-flex-grow ) ) * 100% );--container-widget-height:initial;--container-widget-flex-grow:0;--container-widget-align-self:initial;--flex-wrap-mobile:wrap;--justify-content:center;--align-items:center;--gap:10px 10px;--row-gap:10px;--column-gap:10px;border-style:solid;--border-style:solid;border-width:1px 1px 1px 1px;--border-top-width:1px;--border-right-width:1px;--border-bottom-width:1px;--border-left-width:1px;border-color:#0201014F;--border-color:#0201014F;--border-radius:15px 15px 15px 15px;--padding-top:35px;--padding-bottom:35px;--padding-left:25px;--padding-right:25px;}.elementor-6724 .elementor-element.elementor-element-34636c4:not(.elementor-motion-effects-element-type-background), .elementor-6724 .elementor-element.elementor-element-34636c4 > .elementor-motion-effects-container > .elementor-motion-effects-layer{background-color:#FFFFFF;}.elementor-6724 .elementor-element.elementor-element-34636c4:hover{border-style:solid;border-width:1px 1px 1px 1px;--border-top-width:1px;--border-right-width:1px;--border-bottom-width:1px;--border-left-width:1px;border-color:#4FBDAC85;--border-color:#4FBDAC85;}.elementor-6724 .elementor-element.elementor-element-34636c4, .elementor-6724 .elementor-element.elementor-element-34636c4::before{--border-transition:0.3s;}.elementor-6724 .elementor-element.elementor-element-c8c6faf{text-align:center;}.elementor-6724 .elementor-element.elementor-element-c8c6faf .elementor-heading-title{font-family:\"Lato\", Sans-serif;font-size:28px;font-weight:600;color:var( --e-global-color-primary );}.elementor-6724 .elementor-element.elementor-element-3f841e2{text-align:center;font-family:\"Lato\", Sans-serif;font-size:16px;font-weight:400;color:var( --e-global-color-text );}.elementor-widget-wc-add-to-cart .elementor-button{font-family:var( --e-global-typography-accent-font-family ), Sans-serif;font-weight:var( --e-global-typography-accent-font-weight );background-color:var( --e-global-color-accent );}.elementor-6724 .elementor-element.elementor-element-10df655 .elementor-button{font-family:\"Lato\", Sans-serif;font-size:16px;font-weight:400;fill:#FFFFFF;color:#FFFFFF;background-color:#4FBDAC;border-style:none;border-radius:100px 100px 100px 100px;padding:16px 24px 16px 24px;}.elementor-6724 .elementor-element.elementor-element-10df655 > .elementor-widget-container{padding:20px 0px 0px 0px;}:root{--page-title-display:none;}@media(max-width:1024px){.elementor-6724 .elementor-element.elementor-element-40e21a8{--padding-top:75px;--padding-bottom:75px;--padding-left:50px;--padding-right:50px;}.elementor-6724 .elementor-element.elementor-element-6c002e1{--min-height:700px;--flex-direction:column;--container-widget-width:100%;--container-widget-height:initial;--container-widget-flex-grow:0;--container-widget-align-self:initial;--flex-wrap-mobile:wrap;--padding-top:75px;--padding-bottom:75px;--padding-left:50px;--padding-right:50px;}.elementor-6724 .elementor-element.elementor-element-6b36ba4{text-align:center;}.elementor-6724 .elementor-element.elementor-element-6b36ba4 .elementor-heading-title{font-size:42px;}.elementor-6724 .elementor-element.elementor-element-81db92e{--flex-direction:column;--container-widget-width:100%;--container-widget-height:initial;--container-widget-flex-grow:0;--container-widget-align-self:initial;--flex-wrap-mobile:wrap;}.elementor-6724 .elementor-element.elementor-element-10df655 .elementor-button{font-size:16px;}}@media(min-width:768px){.elementor-6724 .elementor-element.elementor-element-40e21a8{--content-width:1200px;}.elementor-6724 .elementor-element.elementor-element-f667b27{--width:100%;}.elementor-6724 .elementor-element.elementor-element-6c002e1{--content-width:1200px;}.elementor-6724 .elementor-element.elementor-element-34636c4{--width:280px;}}@media(max-width:767px){.elementor-6724 .elementor-element.elementor-element-40e21a8{--min-height:0px;--justify-content:center;--gap:0px 0px;--row-gap:0px;--column-gap:0px;--padding-top:50px;--padding-bottom:50px;--padding-left:25px;--padding-right:25px;}.elementor-6724 .elementor-element.elementor-element-16989b4{text-align:center;}.elementor-6724 .elementor-element.elementor-element-16989b4 .elementor-heading-title{font-size:36px;}.elementor-6724 .elementor-element.elementor-element-6c002e1{--min-height:600px;--padding-top:50px;--padding-bottom:50px;--padding-left:25px;--padding-right:25px;}.elementor-6724 .elementor-element.elementor-element-c4fc13b .elementor-icon{font-size:75px;}.elementor-6724 .elementor-element.elementor-element-c4fc13b .elementor-icon svg{height:75px;}.elementor-6724 .elementor-element.elementor-element-6b36ba4{text-align:center;}.elementor-6724 .elementor-element.elementor-element-6b36ba4 .elementor-heading-title{font-size:24px;}.elementor-6724 .elementor-element.elementor-element-f76b9e4{text-align:center;font-size:14px;}.elementor-6724 .elementor-element.elementor-element-81db92e{--padding-top:0px;--padding-bottom:0px;--padding-left:0px;--padding-right:0px;}.elementor-6724 .elementor-element.elementor-element-81db92e.e-con{--align-self:center;}.elementor-6724 .elementor-element.elementor-element-34636c4{--width:280px;--min-height:280px;--padding-top:40px;--padding-bottom:40px;--padding-left:20px;--padding-right:20px;}.elementor-6724 .elementor-element.elementor-element-c8c6faf .elementor-heading-title{font-size:18px;}.elementor-6724 .elementor-element.elementor-element-3f841e2{text-align:center;font-size:14px;}.elementor-6724 .elementor-element.elementor-element-10df655 .elementor-button{font-size:14px;padding:14px 20px 14px 20px;}}\/* Start custom CSS for icon, class: .elementor-element-c4fc13b *\/.seletor-do-icone svg {\r\n  fill: #fff !important;\r\n}\/* End custom CSS *\/\n\/* Start custom CSS for wc-add-to-cart, class: .elementor-element-10df655 *\/\/* Bot\u00e3o Adicionar estilizado *\/\r\n.elementor-button.custom-add-to-cart {\r\n    background-color: #0C719A;\r\n    color: #fff !important;\r\n    border: none !important;\r\n    border-radius: 50px;\r\n    padding: 12px 24px;\r\n    font-size: 16px;\r\n    font-weight: 700;\r\n    text-transform: uppercase;\r\n    transition: background-color 0.3s ease, box-shadow 0.3s ease;\r\n    box-shadow: 0 4px 12px rgba(0,0,0,0.1);\r\n    position: relative;\r\n    opacity: 1 !important;\r\n    visibility: visible !important;\r\n}\r\n\r\n.elementor-button.custom-add-to-cart:hover {\r\n    background-color: #095d7c;\r\n    box-shadow: 0 6px 16px rgba(0,0,0,0.2);\r\n}\r\n\r\n\/* Efeito quando adicionado *\/\r\n.elementor-button.custom-add-to-cart.loading-effect {\r\n    background-color: #28a745 !important;\r\n}\r\n\r\n.elementor-button.custom-add-to-cart.loading-effect::after {\r\n    content: \" Adicionado!\";\r\n    margin-left: 8px;\r\n    font-weight: 600;\r\n}\r\n\r\n\/* Campo de quantidade estilizado *\/\r\n.quantity input[type=\"number\"] {\r\n    width: 60px;\r\n    height: 48px;\r\n    padding: 0 12px;\r\n    border: 2px solid #ccc;\r\n    border-radius: 8px;\r\n    font-size: 16px;\r\n    text-align: center;\r\n    appearance: auto; \/* For\u00e7a as setas a aparecer *\/\r\n    -moz-appearance: number-input;\r\n    -webkit-appearance: number-input;\r\n    margin-right: 10px;\r\n    opacity: 1 !important;\r\n    visibility: visible !important;\r\n}\r\n\r\n\/* Ajuste extra para Chrome *\/\r\n.quantity input::-webkit-inner-spin-button,\r\n.quantity input::-webkit-outer-spin-button {\r\n    -webkit-appearance: inner-spin-button;\r\n    opacity: 1 !important;\r\n}\r\n\r\n\/* Ajuste extra para Firefox *\/\r\n.quantity input[type=number] {\r\n    -moz-appearance: number-input;\r\n}\r\n\r\n.quantity input[type=\"number\"]:focus {\r\n    outline: none;\r\n    border-color: #4FBDAC;\r\n    box-shadow: 0 0 0 2px rgba(79, 189, 172, 0.2);\r\n}\r\n\r\n\/* Anima\u00e7\u00e3o do spinner *\/\r\n@keyframes spin {\r\n    to { transform: rotate(360deg); }\r\n}\r\n\r\n\/* Ocultar o bot\u00e3o \"Ver carrinho\" *\/\r\n.added_to_cart.wc-forward {\r\n    display: none !important;\r\n}\/* End custom CSS *\/<\/style>\t\t<div data-elementor-type=\"wp-page\" data-elementor-id=\"6724\" class=\"elementor elementor-6724\" data-elementor-post-type=\"page\">\n\t\t\t\t<div class=\"elementor-element elementor-element-40e21a8 e-flex e-con-boxed e-con e-parent\" data-id=\"40e21a8\" data-element_type=\"container\" data-e-type=\"container\" data-settings=\"{&quot;background_background&quot;:&quot;classic&quot;}\">\n\t\t\t\t\t<div class=\"e-con-inner\">\n\t\t<div class=\"elementor-element elementor-element-f667b27 e-con-full e-flex e-con e-child\" data-id=\"f667b27\" data-element_type=\"container\" data-e-type=\"container\">\n\t\t\t\t<div class=\"elementor-element elementor-element-16989b4 elementor-widget elementor-widget-heading\" data-id=\"16989b4\" data-element_type=\"widget\" data-e-type=\"widget\" data-widget_type=\"heading.default\">\n\t\t\t\t<div class=\"elementor-widget-container\">\n\t\t\t\t\t<h2 class=\"elementor-heading-title elementor-size-default\">Bem-vindo Expositor!<\/h2>\t\t\t\t<\/div>\n\t\t\t\t<\/div>\n\t\t\t\t<\/div>\n\t\t\t\t\t<\/div>\n\t\t\t\t<\/div>\n\t\t<div class=\"elementor-element elementor-element-6c002e1 e-flex e-con-boxed e-con e-parent\" data-id=\"6c002e1\" data-element_type=\"container\" data-e-type=\"container\" data-settings=\"{&quot;background_background&quot;:&quot;classic&quot;}\">\n\t\t\t\t\t<div class=\"e-con-inner\">\n\t\t<div class=\"elementor-element elementor-element-263a799 e-con-full e-flex e-con e-child\" data-id=\"263a799\" data-element_type=\"container\" data-e-type=\"container\">\n\t\t\t\t<div class=\"elementor-element elementor-element-c4fc13b elementor-view-default elementor-widget elementor-widget-icon\" data-id=\"c4fc13b\" data-element_type=\"widget\" data-e-type=\"widget\" data-widget_type=\"icon.default\">\n\t\t\t\t<div class=\"elementor-widget-container\">\n\t\t\t\t\t\t\t<div class=\"elementor-icon-wrapper\">\n\t\t\t<div class=\"elementor-icon\">\n\t\t\t<svg xmlns=\"http:\/\/www.w3.org\/2000\/svg\" id=\"Layer_1\" viewBox=\"0 0 24 24\"><defs><style>      .st0 {        fill: #fff;        fill-opacity: 0;        stroke: #fff;        stroke-linecap: round;        stroke-linejoin: round;        stroke-width: 1.5px;      }    <\/style><\/defs><path class=\"st0\" d=\"M14,6H6c-.9,0-1.4,0-1.8.2-.5.2-.9.6-1.1,1.1-.2.4-.2.8-.2,1.8,1.7,0,3,1.3,3,3s-1.3,3-3,3c0,.9,0,1.4.2,1.8.2.5.6.9,1.1,1.1.4.2.8.2,1.8.2h8M14,6h4c.9,0,1.4,0,1.8.2.5.2.9.6,1.1,1.1.2.4.2.8.2,1.8-1.7,0-3,1.3-3,3s1.3,3,3,3c0,.9,0,1.4-.2,1.8-.2.5-.6.9-1.1,1.1-.4.2-.8.2-1.8.2h-4M14,6v12\"><\/path><\/svg>\t\t\t<\/div>\n\t\t<\/div>\n\t\t\t\t\t\t<\/div>\n\t\t\t\t<\/div>\n\t\t\t\t<div class=\"elementor-element elementor-element-6b36ba4 elementor-widget elementor-widget-heading\" data-id=\"6b36ba4\" data-element_type=\"widget\" data-e-type=\"widget\" data-widget_type=\"heading.default\">\n\t\t\t\t<div class=\"elementor-widget-container\">\n\t\t\t\t\t<h2 class=\"elementor-heading-title elementor-size-default\">Credencial de Staff<\/h2>\t\t\t\t<\/div>\n\t\t\t\t<\/div>\n\t\t\t\t<div class=\"elementor-element elementor-element-f76b9e4 elementor-widget elementor-widget-text-editor\" data-id=\"f76b9e4\" data-element_type=\"widget\" data-e-type=\"widget\" data-widget_type=\"text-editor.default\">\n\t\t\t\t<div class=\"elementor-widget-container\">\n\t\t\t\t\t\t\t\t\t<p><strong>10 &amp; 11 de Outubro &#8211; Edif\u00edcio da Alf\u00e2ndega, Centro de Congressos, Porto<\/strong><\/p>\t\t\t\t\t\t\t\t<\/div>\n\t\t\t\t<\/div>\n\t\t\t\t<\/div>\n\t\t<div class=\"elementor-element elementor-element-81db92e e-con-full e-flex e-con e-child\" data-id=\"81db92e\" data-element_type=\"container\" data-e-type=\"container\">\n\t\t<div class=\"elementor-element elementor-element-34636c4 e-con-full e-flex e-con e-child\" data-id=\"34636c4\" data-element_type=\"container\" data-e-type=\"container\" data-settings=\"{&quot;background_background&quot;:&quot;classic&quot;}\">\n\t\t\t\t<div class=\"elementor-element elementor-element-c8c6faf elementor-widget elementor-widget-heading\" data-id=\"c8c6faf\" data-element_type=\"widget\" data-e-type=\"widget\" data-widget_type=\"heading.default\">\n\t\t\t\t<div class=\"elementor-widget-container\">\n\t\t\t\t\t<h2 class=\"elementor-heading-title elementor-size-default\">Bilhete<\/h2>\t\t\t\t<\/div>\n\t\t\t\t<\/div>\n\t\t\t\t<div class=\"elementor-element elementor-element-3f841e2 elementor-widget elementor-widget-text-editor\" data-id=\"3f841e2\" data-element_type=\"widget\" data-e-type=\"widget\" data-widget_type=\"text-editor.default\">\n\t\t\t\t<div class=\"elementor-widget-container\">\n\t\t\t\t\t\t\t\t\t<p><strong>Nota:<\/strong> Certifique-se de adicionar um n\u00famero de bilhetes correspondente ao n\u00famero total de elementos da sua equipa.<\/p>\t\t\t\t\t\t\t\t<\/div>\n\t\t\t\t<\/div>\n\t\t\t\t<\/div>\n\t\t\t\t<\/div>\n\t\t\t\t\t<\/div>\n\t\t\t\t<\/div>\n\t\t\t\t<\/div>\n\t\t","protected":false},"excerpt":{"rendered":"<p>Bem-vindo Expositor! Credencial de Staff 10 &amp; 11 de Outubro &#8211; Edif\u00edcio da Alf\u00e2ndega, Centro de Congressos, Porto Bilhete Nota: Certifique-se de adicionar um n\u00famero de bilhetes correspondente ao n\u00famero total de elementos da sua equipa. Quantidade de AHWS &#8211; Bilhete de Staff Adicionar<\/p>","protected":false},"author":58,"featured_media":0,"parent":0,"menu_order":0,"comment_status":"closed","ping_status":"closed","template":"","meta":{"footnotes":""},"class_list":["post-6724","page","type-page","status-publish","hentry"],"aioseo_notices":[],"_links":{"self":[{"href":"https:\/\/atlantichealthwellnesssummit.com\/eng\/wp-json\/wp\/v2\/pages\/6724","targetHints":{"allow":["GET"]}}],"collection":[{"href":"https:\/\/atlantichealthwellnesssummit.com\/eng\/wp-json\/wp\/v2\/pages"}],"about":[{"href":"https:\/\/atlantichealthwellnesssummit.com\/eng\/wp-json\/wp\/v2\/types\/page"}],"author":[{"embeddable":true,"href":"https:\/\/atlantichealthwellnesssummit.com\/eng\/wp-json\/wp\/v2\/users\/58"}],"replies":[{"embeddable":true,"href":"https:\/\/atlantichealthwellnesssummit.com\/eng\/wp-json\/wp\/v2\/comments?post=6724"}],"version-history":[{"count":0,"href":"https:\/\/atlantichealthwellnesssummit.com\/eng\/wp-json\/wp\/v2\/pages\/6724\/revisions"}],"wp:attachment":[{"href":"https:\/\/atlantichealthwellnesssummit.com\/eng\/wp-json\/wp\/v2\/media?parent=6724"}],"curies":[{"name":"wp","href":"https:\/\/api.w.org\/{rel}","templated":true}]}}