{"id":3897,"date":"2025-06-18T10:58:56","date_gmt":"2025-06-18T10:58:56","guid":{"rendered":"https:\/\/atlantichealthwellnesssummit.com\/?page_id=3897"},"modified":"2025-06-18T14:16:39","modified_gmt":"2025-06-18T14:16:39","slug":"expositores-obrigado","status":"publish","type":"page","link":"https:\/\/atlantichealthwellnesssummit.com\/eng\/expositores-obrigado\/","title":{"rendered":"LP Expositores &#8211; P\u00e1g. Obrigado"},"content":{"rendered":"<style>.elementor-3897 .elementor-element.elementor-element-8ea9d9a{--display:flex;--min-height:868px;--flex-direction:column;--container-widget-width:calc( ( 1 - var( --container-widget-flex-grow ) ) * 100% );--container-widget-height:initial;--container-widget-flex-grow:0;--container-widget-align-self:initial;--flex-wrap-mobile:wrap;--justify-content:center;--align-items:center;--gap:0px 0px;--row-gap:0px;--column-gap:0px;--margin-top:0px;--margin-bottom:0px;--margin-left:0px;--margin-right:0px;--padding-top:0px;--padding-bottom:0px;--padding-left:0px;--padding-right:0px;}.elementor-3897 .elementor-element.elementor-element-8ea9d9a:not(.elementor-motion-effects-element-type-background), .elementor-3897 .elementor-element.elementor-element-8ea9d9a > .elementor-motion-effects-container > .elementor-motion-effects-layer{background-image:url(\"https:\/\/atlantichealthwellnesssummit.com\/wp-content\/uploads\/2025\/06\/Group-12.png\");background-position:center center;background-repeat:no-repeat;background-size:cover;}.elementor-widget-heading .elementor-heading-title{font-family:var( --e-global-typography-primary-font-family ), Sans-serif;font-weight:var( --e-global-typography-primary-font-weight );color:var( --e-global-color-primary );}.elementor-3897 .elementor-element.elementor-element-b1e9a7f{text-align:center;width:var( --container-widget-width, 100% );max-width:100%;--container-widget-width:100%;--container-widget-flex-grow:0;}.elementor-3897 .elementor-element.elementor-element-b1e9a7f .elementor-heading-title{font-family:\"Montserrat\", Sans-serif;font-size:45px;font-weight:700;text-transform:uppercase;line-height:50px;color:#006B96;}.elementor-3897 .elementor-element.elementor-element-b1e9a7f > .elementor-widget-container{margin:0px 0px 0px 0px;padding:0px 0px 0px 0px;}.elementor-3897 .elementor-element.elementor-element-b1e9a7f.elementor-element{--align-self:center;--flex-grow:0;--flex-shrink:0;}.elementor-3897 .elementor-element.elementor-element-169bc22{text-align:center;width:var( --container-widget-width, 100% );max-width:100%;--container-widget-width:100%;--container-widget-flex-grow:0;}.elementor-3897 .elementor-element.elementor-element-169bc22 .elementor-heading-title{font-family:\"Montserrat\", Sans-serif;font-size:30px;font-weight:700;color:#006B96;}.elementor-3897 .elementor-element.elementor-element-169bc22 > .elementor-widget-container{margin:05px 0px 0px 0px;padding:0px 0px 0px 0px;}.elementor-3897 .elementor-element.elementor-element-169bc22.elementor-element{--align-self:center;--flex-grow:0;--flex-shrink:0;}.elementor-3897 .elementor-element.elementor-element-4a7904d{text-align:center;width:var( --container-widget-width, 100% );max-width:100%;--container-widget-width:100%;--container-widget-flex-grow:0;}.elementor-3897 .elementor-element.elementor-element-4a7904d .elementor-heading-title{font-family:\"Montserrat\", Sans-serif;font-size:26px;font-weight:400;color:#006B96;}.elementor-3897 .elementor-element.elementor-element-4a7904d > .elementor-widget-container{margin:63px 0px 0px 0px;padding:0px 0px 0px 0px;}.elementor-3897 .elementor-element.elementor-element-4a7904d.elementor-element{--align-self:center;--flex-grow:0;--flex-shrink:0;}.elementor-3897 .elementor-element.elementor-element-94c9c47{--display:flex;--flex-direction:row;--container-widget-width:initial;--container-widget-height:100%;--container-widget-flex-grow:1;--container-widget-align-self:stretch;--flex-wrap-mobile:wrap;--gap:0px 0px;--row-gap:0px;--column-gap:0px;--margin-top:033px;--margin-bottom:0px;--margin-left:0px;--margin-right:0px;--padding-top:0px;--padding-bottom:0px;--padding-left:0px;--padding-right:0px;}.elementor-3897 .elementor-element.elementor-element-e8321a5{--display:flex;--margin-top:0px;--margin-bottom:0px;--margin-left:0px;--margin-right:0px;--padding-top:0px;--padding-bottom:0px;--padding-left:0px;--padding-right:0px;}.elementor-3897 .elementor-element.elementor-element-51f6cf8{--grid-template-columns:repeat(0, auto);--icon-size:61px;--grid-column-gap:36px;--grid-row-gap:0px;}.elementor-3897 .elementor-element.elementor-element-51f6cf8 .elementor-widget-container{text-align:center;}.elementor-3897 .elementor-element.elementor-element-51f6cf8 .elementor-social-icon{background-color:#02010100;--icon-padding:0em;}.elementor-3897 .elementor-element.elementor-element-51f6cf8 .elementor-social-icon i{color:#02010100;}.elementor-3897 .elementor-element.elementor-element-51f6cf8 .elementor-social-icon svg{fill:#02010100;}.elementor-3897 .elementor-element.elementor-element-9691c29{--display:flex;--min-height:0px;--flex-direction:column;--container-widget-width:calc( ( 1 - var( --container-widget-flex-grow ) ) * 100% );--container-widget-height:initial;--container-widget-flex-grow:0;--container-widget-align-self:initial;--flex-wrap-mobile:wrap;--justify-content:center;--align-items:center;--gap:0px 0px;--row-gap:0px;--column-gap:0px;--margin-top:0px;--margin-bottom:0px;--margin-left:0px;--margin-right:0px;--padding-top:0px;--padding-bottom:0px;--padding-left:0px;--padding-right:0px;}.elementor-3897 .elementor-element.elementor-element-9691c29:not(.elementor-motion-effects-element-type-background), .elementor-3897 .elementor-element.elementor-element-9691c29 > .elementor-motion-effects-container > .elementor-motion-effects-layer{background-image:url(\"https:\/\/atlantichealthwellnesssummit.com\/wp-content\/uploads\/2025\/06\/Vector.png\");background-position:center right;background-size:cover;}.elementor-3897 .elementor-element.elementor-element-d0100dc{--display:grid;--min-height:0px;--e-con-grid-template-columns:repeat(3, 1fr);--e-con-grid-template-rows:repeat(1, 1fr);--gap:0px 0px;--row-gap:0px;--column-gap:0px;--grid-auto-flow:row;--margin-top:30px;--margin-bottom:30px;--margin-left:0px;--margin-right:0px;--padding-top:0px;--padding-bottom:0px;--padding-left:0px;--padding-right:0px;}.elementor-widget-text-editor{font-family:var( --e-global-typography-text-font-family ), Sans-serif;font-weight:var( --e-global-typography-text-font-weight );color:var( --e-global-color-text );}.elementor-widget-text-editor.elementor-drop-cap-view-stacked .elementor-drop-cap{background-color:var( --e-global-color-primary );}.elementor-widget-text-editor.elementor-drop-cap-view-framed .elementor-drop-cap, .elementor-widget-text-editor.elementor-drop-cap-view-default .elementor-drop-cap{color:var( --e-global-color-primary );border-color:var( --e-global-color-primary );}.elementor-3897 .elementor-element.elementor-element-99fa735{font-family:\"Raleway\", Sans-serif;font-weight:300;color:#FFFFFF;}.elementor-3897 .elementor-element.elementor-element-99fa735 a{color:#FFFFFF;}.elementor-3897 .elementor-element.elementor-element-99fa735 > .elementor-widget-container{margin:0px 0px 0px 0px;padding:0px 0px 0px 0px;}.elementor-widget-image .widget-image-caption{color:var( --e-global-color-text );font-family:var( --e-global-typography-text-font-family ), Sans-serif;font-weight:var( --e-global-typography-text-font-weight );}.elementor-3897 .elementor-element.elementor-element-42adb01 > .elementor-widget-container{margin:0px 0px 0px 0px;padding:0px 0px 0px 0px;}.elementor-3897 .elementor-element.elementor-element-ce55922{text-align:end;font-family:\"Raleway\", Sans-serif;font-weight:300;color:#FFFFFF;}.elementor-3897 .elementor-element.elementor-element-ce55922 > .elementor-widget-container{margin:0px 0px 0px 0px;padding:0px 0px 0px 0px;}.elementor-3897 .elementor-element.elementor-element-b79cdc7{--display:grid;--min-height:0px;--e-con-grid-template-columns:repeat(3, 1fr);--e-con-grid-template-rows:repeat(1, 1fr);--grid-auto-flow:row;--margin-top:0px;--margin-bottom:0px;--margin-left:0px;--margin-right:0px;--padding-top:0px;--padding-bottom:0px;--padding-left:0px;--padding-right:0px;}.elementor-3897 .elementor-element.elementor-element-2d3948a > .elementor-widget-container{margin:0px 0px 0px 0px;padding:0px 0px 0px 0px;}.elementor-3897 .elementor-element.elementor-element-1ec7d30{font-family:\"Raleway\", Sans-serif;font-weight:300;color:#FFFFFF;}.elementor-3897 .elementor-element.elementor-element-1ec7d30 a{color:#FFFFFF;}.elementor-3897 .elementor-element.elementor-element-1ec7d30 > .elementor-widget-container{margin:0px 0px 0px 0px;padding:0px 0px 0px 0px;}@media(max-width:1024px){.elementor-3897 .elementor-element.elementor-element-d0100dc{--grid-auto-flow:row;}.elementor-3897 .elementor-element.elementor-element-b79cdc7{--grid-auto-flow:row;}.elementor-3897 .elementor-element.elementor-element-1ec7d30{text-align:center;}}@media(max-width:767px){.elementor-3897 .elementor-element.elementor-element-8ea9d9a{--min-height:700px;}.elementor-3897 .elementor-element.elementor-element-8ea9d9a:not(.elementor-motion-effects-element-type-background), .elementor-3897 .elementor-element.elementor-element-8ea9d9a > .elementor-motion-effects-container > .elementor-motion-effects-layer{background-position:center center;background-size:auto;}.elementor-3897 .elementor-element.elementor-element-b1e9a7f .elementor-heading-title{font-size:26px;line-height:31px;}.elementor-3897 .elementor-element.elementor-element-b1e9a7f{--container-widget-width:338px;--container-widget-flex-grow:0;width:var( --container-widget-width, 338px );max-width:338px;}.elementor-3897 .elementor-element.elementor-element-169bc22 .elementor-heading-title{font-size:20px;line-height:24px;}.elementor-3897 .elementor-element.elementor-element-169bc22 > .elementor-widget-container{margin:10px 0px 0px 0px;}.elementor-3897 .elementor-element.elementor-element-169bc22{--container-widget-width:300px;--container-widget-flex-grow:0;width:var( --container-widget-width, 300px );max-width:300px;}.elementor-3897 .elementor-element.elementor-element-4a7904d .elementor-heading-title{font-size:20px;line-height:26px;}.elementor-3897 .elementor-element.elementor-element-4a7904d > .elementor-widget-container{margin:30px 0px 0px 0px;}.elementor-3897 .elementor-element.elementor-element-4a7904d{--container-widget-width:300px;--container-widget-flex-grow:0;width:var( --container-widget-width, 300px );max-width:300px;}.elementor-3897 .elementor-element.elementor-element-e8321a5{--margin-top:0px;--margin-bottom:0px;--margin-left:0px;--margin-right:0px;--padding-top:0px;--padding-bottom:0px;--padding-left:0px;--padding-right:0px;}.elementor-3897 .elementor-element.elementor-element-9691c29{--content-width:300px;--margin-top:0px;--margin-bottom:0px;--margin-left:0px;--margin-right:0px;}.elementor-3897 .elementor-element.elementor-element-9691c29:not(.elementor-motion-effects-element-type-background), .elementor-3897 .elementor-element.elementor-element-9691c29 > .elementor-motion-effects-container > .elementor-motion-effects-layer{background-image:url(\"https:\/\/atlantichealthwellnesssummit.com\/wp-content\/uploads\/2025\/06\/Group-53.png\");}.elementor-3897 .elementor-element.elementor-element-d0100dc{--e-con-grid-template-columns:repeat(1, 1fr);--grid-auto-flow:row;}.elementor-3897 .elementor-element.elementor-element-b79cdc7{--e-con-grid-template-columns:repeat(1, 1fr);--gap:0px 0px;--row-gap:0px;--column-gap:0px;--grid-auto-flow:row;--margin-top:0px;--margin-bottom:30px;--margin-left:0px;--margin-right:0px;--padding-top:40px;--padding-bottom:0px;--padding-left:0px;--padding-right:0px;}.elementor-3897 .elementor-element.elementor-element-1ec7d30{text-align:center;font-size:14px;line-height:22px;}.elementor-3897 .elementor-element.elementor-element-1ec7d30 > .elementor-widget-container{margin:16px 0px 0px 0px;padding:0px 0px 0px 0px;}}<\/style>\t\t<div data-elementor-type=\"wp-page\" data-elementor-id=\"3897\" class=\"elementor elementor-3897\" data-elementor-post-type=\"page\">\n\t\t\t\t<div class=\"elementor-element elementor-element-8ea9d9a e-flex e-con-boxed e-con e-parent\" data-id=\"8ea9d9a\" data-element_type=\"container\" data-e-type=\"container\" data-settings=\"{&quot;background_background&quot;:&quot;classic&quot;}\">\n\t\t\t\t\t<div class=\"e-con-inner\">\n\t\t\t\t<div class=\"elementor-element elementor-element-b1e9a7f elementor-widget__width-initial gradient elementor-widget elementor-widget-heading\" data-id=\"b1e9a7f\" data-element_type=\"widget\" data-e-type=\"widget\" data-widget_type=\"heading.default\">\n\t\t\t\t<div class=\"elementor-widget-container\">\n\t\t\t\t\t<h2 class=\"elementor-heading-title elementor-size-default\">Parab\u00e9ns por ter decidido ser patrocinador \/ expositor do evento Atlantic Health Wellness Summit.<\/h2>\t\t\t\t<\/div>\n\t\t\t\t<\/div>\n\t\t\t\t<div class=\"elementor-element elementor-element-169bc22 elementor-widget__width-initial gradient elementor-widget elementor-widget-heading\" data-id=\"169bc22\" data-element_type=\"widget\" data-e-type=\"widget\" data-widget_type=\"heading.default\">\n\t\t\t\t<div class=\"elementor-widget-container\">\n\t\t\t\t\t<h2 class=\"elementor-heading-title elementor-size-default\">Vamos juntos lutar pelo futuro da inova\u00e7\u00e3o na Sa\u00fade!<\/h2>\t\t\t\t<\/div>\n\t\t\t\t<\/div>\n\t\t\t\t<div class=\"elementor-element elementor-element-4a7904d elementor-widget__width-initial gradient elementor-widget elementor-widget-heading\" data-id=\"4a7904d\" data-element_type=\"widget\" data-e-type=\"widget\" data-widget_type=\"heading.default\">\n\t\t\t\t<div class=\"elementor-widget-container\">\n\t\t\t\t\t<h2 class=\"elementor-heading-title elementor-size-default\">Siga as nossas redes sociais para n\u00e3o perder as novidades do evento do AHWS:<\/h2>\t\t\t\t<\/div>\n\t\t\t\t<\/div>\n\t\t<div class=\"elementor-element elementor-element-94c9c47 e-con-full e-flex e-con e-child\" data-id=\"94c9c47\" data-element_type=\"container\" data-e-type=\"container\">\n\t\t<div class=\"elementor-element elementor-element-e8321a5 e-con-full e-flex e-con e-child\" data-id=\"e8321a5\" data-element_type=\"container\" data-e-type=\"container\">\n\t\t\t\t<div class=\"elementor-element elementor-element-51f6cf8 elementor-shape-rounded elementor-grid-0 e-grid-align-center elementor-widget elementor-widget-social-icons\" data-id=\"51f6cf8\" data-element_type=\"widget\" data-e-type=\"widget\" data-widget_type=\"social-icons.default\">\n\t\t\t\t<div class=\"elementor-widget-container\">\n\t\t\t\t\t\t\t<div class=\"elementor-social-icons-wrapper elementor-grid\" role=\"list\">\n\t\t\t\t\t\t\t<span class=\"elementor-grid-item\" role=\"listitem\">\n\t\t\t\t\t<a class=\"elementor-icon elementor-social-icon elementor-social-icon- elementor-repeater-item-4796879\" href=\"https:\/\/www.facebook.com\/p\/Atlantic-Health-Wellness-Summit-61558794092026\/\" target=\"_blank\">\n\t\t\t\t\t\t<span class=\"elementor-screen-only\"><\/span>\n\t\t\t\t\t\t<svg xmlns=\"http:\/\/www.w3.org\/2000\/svg\" width=\"65\" height=\"65\" viewbox=\"0 0 65 65\" fill=\"none\"><path d=\"M43.86 0H20.45C9.15578 0 0 9.15578 0 20.45V43.86C0 55.1542 9.15578 64.31 20.45 64.31H43.86C55.1542 64.31 64.31 55.1542 64.31 43.86V20.45C64.31 9.15578 55.1542 0 43.86 0Z\" fill=\"#066D99\"><\/path><path d=\"M25.39 34.09H28.32V47.27H34.07V34.09H38.2C38.65 34.09 39.04 33.76 39.1 33.31L39.67 29.38C39.75 28.83 39.32 28.34 38.77 28.34H34.07V25.01C34.07 23.48 35.31 22.25 36.83 22.25H38.86C39.39 22.25 39.83 21.82 39.83 21.28V18.02C39.83 17.49 39.4 17.05 38.86 17.05H35.53C31.54 17.05 28.31 20.28 28.31 24.27V28.33H25.38C24.88 28.33 24.47 28.74 24.47 29.24V33.17C24.47 33.67 24.88 34.08 25.38 34.08L25.39 34.09Z\" fill=\"white\"><\/path><\/svg>\t\t\t\t\t<\/a>\n\t\t\t\t<\/span>\n\t\t\t\t\t\t\t<span class=\"elementor-grid-item\" role=\"listitem\">\n\t\t\t\t\t<a class=\"elementor-icon elementor-social-icon elementor-social-icon- elementor-repeater-item-4cb800b\" href=\"https:\/\/www.instagram.com\/ahw.summit\/\" target=\"_blank\">\n\t\t\t\t\t\t<span class=\"elementor-screen-only\"><\/span>\n\t\t\t\t\t\t<svg xmlns=\"http:\/\/www.w3.org\/2000\/svg\" width=\"65\" height=\"65\" viewbox=\"0 0 65 65\" fill=\"none\"><path d=\"M43.86 0.309998H20.45C9.15578 0.309998 0 9.46578 0 20.76V44.17C0 55.4642 9.15578 64.62 20.45 64.62H43.86C55.1542 64.62 64.31 55.4642 64.31 44.17V20.76C64.31 9.46578 55.1542 0.309998 43.86 0.309998Z\" fill=\"#066D99\"><\/path><path d=\"M39.0599 14.68H25.2599C19.2499 14.68 14.3799 19.55 14.3799 25.56V39.36C14.3799 45.37 19.2499 50.24 25.2599 50.24H39.0599C45.0699 50.24 49.9399 45.37 49.9399 39.36V25.56C49.9399 19.55 45.0699 14.68 39.0599 14.68ZM46.4099 39.72C46.4099 43.58 43.2799 46.72 39.4099 46.72H24.9099C21.0499 46.72 17.9099 43.59 17.9099 39.72V25.22C17.9099 21.36 21.0399 18.22 24.9099 18.22H39.4099C43.2699 18.22 46.4099 21.35 46.4099 25.22V39.72Z\" fill=\"white\"><\/path><path d=\"M32.1599 23.43C27.1899 23.43 23.1699 27.46 23.1699 32.42C23.1699 37.38 27.1999 41.41 32.1599 41.41C37.1199 41.41 41.1499 37.38 41.1499 32.42C41.1499 27.46 37.1199 23.43 32.1599 23.43ZM32.1599 38.06C29.0499 38.06 26.5199 35.54 26.5199 32.42C26.5199 29.3 29.0399 26.78 32.1599 26.78C35.2799 26.78 37.7999 29.3 37.7999 32.42C37.7999 35.54 35.2799 38.06 32.1599 38.06Z\" fill=\"white\"><\/path><path d=\"M41.4701 21.14C40.2901 21.14 39.3301 22.1 39.3301 23.28C39.3301 24.46 40.2901 25.42 41.4701 25.42C42.6501 25.42 43.6101 24.46 43.6101 23.28C43.6101 22.1 42.6501 21.14 41.4701 21.14Z\" fill=\"white\"><\/path><\/svg>\t\t\t\t\t<\/a>\n\t\t\t\t<\/span>\n\t\t\t\t\t\t\t<span class=\"elementor-grid-item\" role=\"listitem\">\n\t\t\t\t\t<a class=\"elementor-icon elementor-social-icon elementor-social-icon- elementor-repeater-item-c02e479\" href=\"https:\/\/www.linkedin.com\/company\/atlantic-health-wellness-summit\/\" target=\"_blank\">\n\t\t\t\t\t\t<span class=\"elementor-screen-only\"><\/span>\n\t\t\t\t\t\t<svg xmlns=\"http:\/\/www.w3.org\/2000\/svg\" width=\"66\" height=\"65\" viewbox=\"0 0 66 65\" fill=\"none\"><path d=\"M44.7101 0.309998H21.3001C10.0059 0.309998 0.850098 9.46578 0.850098 20.76V44.17C0.850098 55.4642 10.0059 64.62 21.3001 64.62H44.7101C56.0043 64.62 65.1601 55.4642 65.1601 44.17V20.76C65.1601 9.46578 56.0043 0.309998 44.7101 0.309998Z\" fill=\"#066D99\"><\/path><path d=\"M25.3401 46.27C25.3401 47.06 24.7001 47.7 23.9101 47.7H20.0701C19.2801 47.7 18.6401 47.06 18.6401 46.27V28.54C18.6401 27.75 19.2801 27.11 20.0701 27.11H23.9101C24.7001 27.11 25.3401 27.75 25.3401 28.54V46.27ZM22.0101 25.57C19.7101 25.57 17.8401 23.7 17.8401 21.4C17.8401 19.1 19.7101 17.23 22.0101 17.23C24.3101 17.23 26.1801 19.1 26.1801 21.4C26.1801 23.7 24.3101 25.57 22.0101 25.57ZM48.1701 46.27C48.1701 47.06 47.5301 47.7 46.7401 47.7H42.9001C42.1101 47.7 41.4701 47.06 41.4701 46.27V36.81C41.4701 36.81 41.3301 32.69 38.1901 32.48C35.0501 32.27 34.4901 37.93 34.4901 37.93V46.27C34.4901 47.06 33.8501 47.7 33.0601 47.7H29.5701C28.7801 47.7 28.1401 47.06 28.1401 46.27V28.54C28.1401 27.75 28.7801 27.11 29.5701 27.11H33.0601C33.8501 27.11 34.4901 27.75 34.4901 28.54V29.4C35.3501 28.47 36.7301 27.45 38.4001 27.11C44.9601 25.78 47.0901 29.96 47.1901 30.28C47.8101 31.75 48.1801 33.79 48.1801 36.54V46.28L48.1701 46.27Z\" fill=\"white\"><\/path><path d=\"M23.9101 27.11H20.0701C19.2804 27.11 18.6401 27.7502 18.6401 28.54V46.27C18.6401 47.0598 19.2804 47.7 20.0701 47.7H23.9101C24.6999 47.7 25.3401 47.0598 25.3401 46.27V28.54C25.3401 27.7502 24.6999 27.11 23.9101 27.11Z\" fill=\"white\"><\/path><path d=\"M38.4001 27.11C36.7301 27.45 35.3601 28.46 34.4901 29.4V28.54C34.4901 27.75 33.8501 27.11 33.0601 27.11H29.5701C28.7801 27.11 28.1401 27.75 28.1401 28.54V46.27C28.1401 47.06 28.7801 47.7 29.5701 47.7H33.0601C33.8501 47.7 34.4901 47.06 34.4901 46.27V37.93C34.4901 37.93 35.0501 32.28 38.1901 32.48C41.3301 32.69 41.4701 36.81 41.4701 36.81V46.27C41.4701 47.06 42.1101 47.7 42.9001 47.7H46.7401C47.5301 47.7 48.1701 47.06 48.1701 46.27V36.53C48.1701 33.78 47.8001 31.74 47.1801 30.27C47.0801 29.95 44.9601 25.78 38.3901 27.1L38.4001 27.11Z\" fill=\"white\"><\/path><path d=\"M22.0101 25.57C24.3131 25.57 26.1801 23.703 26.1801 21.4C26.1801 19.097 24.3131 17.23 22.0101 17.23C19.7071 17.23 17.8401 19.097 17.8401 21.4C17.8401 23.703 19.7071 25.57 22.0101 25.57Z\" fill=\"white\"><\/path><\/svg>\t\t\t\t\t<\/a>\n\t\t\t\t<\/span>\n\t\t\t\t\t<\/div>\n\t\t\t\t\t\t<\/div>\n\t\t\t\t<\/div>\n\t\t\t\t<\/div>\n\t\t\t\t<\/div>\n\t\t\t\t\t<\/div>\n\t\t\t\t<\/div>\n\t\t<div class=\"elementor-element elementor-element-9691c29 e-flex e-con-boxed e-con e-parent\" data-id=\"9691c29\" data-element_type=\"container\" data-e-type=\"container\" data-settings=\"{&quot;background_background&quot;:&quot;classic&quot;}\">\n\t\t\t\t\t<div class=\"e-con-inner\">\n\t\t<div class=\"elementor-element elementor-element-d0100dc e-grid elementor-hidden-tablet elementor-hidden-mobile e-con-boxed e-con e-child\" data-id=\"d0100dc\" data-element_type=\"container\" data-e-type=\"container\">\n\t\t\t\t\t<div class=\"e-con-inner\">\n\t\t\t\t<div class=\"elementor-element elementor-element-99fa735 elementor-widget elementor-widget-text-editor\" data-id=\"99fa735\" data-element_type=\"widget\" data-e-type=\"widget\" data-widget_type=\"text-editor.default\">\n\t\t\t\t<div class=\"elementor-widget-container\">\n\t\t\t\t\t\t\t\t\t<p><span style=\"white-space-collapse: preserve;\">Todos os direitos reservados<br \/><\/span><a href=\"http:\/\/ahws.local\/en_gb\/privacypolicy\/\" target=\"_blank\" rel=\"noopener\">Privacy Policy<\/a><span style=\"white-space-collapse: preserve;\"><br \/><\/span><\/p>\t\t\t\t\t\t\t\t<\/div>\n\t\t\t\t<\/div>\n\t\t\t\t<div class=\"elementor-element elementor-element-42adb01 elementor-widget elementor-widget-image\" data-id=\"42adb01\" data-element_type=\"widget\" data-e-type=\"widget\" data-widget_type=\"image.default\">\n\t\t\t\t<div class=\"elementor-widget-container\">\n\t\t\t\t\t\t\t\t\t\t\t\t\t\t\t<img decoding=\"async\" src=\"https:\/\/atlantichealthwellnesssummit.com\/wp-content\/uploads\/elementor\/thumbs\/Logo-qp9m20xsks8mg0svwstfhnyf27yanrnfuql5qt4piy-r6v46omrik8f4fvkkr6y2udrzj7rvojhmi2agrolfy.png\" title=\"Logo-qp9m20xsks8mg0svwstfhnyf27yanrnfuql5qt4piy\" alt=\"Logo-qp9m20xsks8mg0svwstfhnyf27yanrnfuql5qt4piy\" loading=\"lazy\" \/>\t\t\t\t\t\t\t\t\t\t\t\t\t\t\t<\/div>\n\t\t\t\t<\/div>\n\t\t\t\t<div class=\"elementor-element elementor-element-ce55922 elementor-widget elementor-widget-text-editor\" data-id=\"ce55922\" data-element_type=\"widget\" data-e-type=\"widget\" data-widget_type=\"text-editor.default\">\n\t\t\t\t<div class=\"elementor-widget-container\">\n\t\t\t\t\t\t\t\t\t<p><span style=\"white-space-collapse: preserve;\">\u00a9 2025 | Atlantic Health Wellness Summit <br \/>By Ag\u00eancia Get Digital<br \/><\/span><\/p>\t\t\t\t\t\t\t\t<\/div>\n\t\t\t\t<\/div>\n\t\t\t\t\t<\/div>\n\t\t\t\t<\/div>\n\t\t<div class=\"elementor-element elementor-element-b79cdc7 e-grid e-con-full elementor-hidden-desktop e-con e-child\" data-id=\"b79cdc7\" data-element_type=\"container\" data-e-type=\"container\">\n\t\t\t\t<div class=\"elementor-element elementor-element-2d3948a elementor-widget elementor-widget-image\" data-id=\"2d3948a\" data-element_type=\"widget\" data-e-type=\"widget\" data-widget_type=\"image.default\">\n\t\t\t\t<div class=\"elementor-widget-container\">\n\t\t\t\t\t\t\t\t\t\t\t\t\t\t\t<img decoding=\"async\" src=\"https:\/\/atlantichealthwellnesssummit.com\/wp-content\/uploads\/elementor\/thumbs\/Logo-qp9m20xsks8mg0svwstfhnyf27yanrnfuql5qt4piy-r6v46omrik8f4fvkkr6y2udrzj7rvojhmi2agrolfy.png\" title=\"Logo-qp9m20xsks8mg0svwstfhnyf27yanrnfuql5qt4piy\" alt=\"Logo-qp9m20xsks8mg0svwstfhnyf27yanrnfuql5qt4piy\" loading=\"lazy\" \/>\t\t\t\t\t\t\t\t\t\t\t\t\t\t\t<\/div>\n\t\t\t\t<\/div>\n\t\t\t\t<div class=\"elementor-element elementor-element-1ec7d30 elementor-widget elementor-widget-text-editor\" data-id=\"1ec7d30\" data-element_type=\"widget\" data-e-type=\"widget\" data-widget_type=\"text-editor.default\">\n\t\t\t\t<div class=\"elementor-widget-container\">\n\t\t\t\t\t\t\t\t\t<p><span style=\"white-space-collapse: preserve;\">Todos os direitos reservados<br><a href=\"http:\/\/ahws.local\/en_gb\/privacypolicy\/\">Privacy Policy<\/a>\n\u00a9 2024 | Atlantic Health Wellness Summit \nBy Ag\u00eancia Get Digital<\/span><br>\n<\/p>\n<p><\/p>\t\t\t\t\t\t\t\t<\/div>\n\t\t\t\t<\/div>\n\t\t\t\t<\/div>\n\t\t\t\t\t<\/div>\n\t\t\t\t<\/div>\n\t\t\t\t<\/div>","protected":false},"excerpt":{"rendered":"<p>Parab\u00e9ns por ter decidido ser patrocinador \/ expositor do evento Atlantic Health Wellness Summit. Vamos juntos lutar pelo futuro da inova\u00e7\u00e3o na Sa\u00fade! Siga as nossas redes sociais para n\u00e3o perder as novidades do evento do AHWS: Todos os direitos reservadosPol\u00edtica de Privacidade \u00a9 2025 | Atlantic Health Wellness Summit By Ag\u00eancia Get Digital Todos [&hellip;]<\/p>\n","protected":false},"author":58,"featured_media":0,"parent":0,"menu_order":0,"comment_status":"closed","ping_status":"closed","template":"elementor_canvas","meta":{"footnotes":""},"class_list":["post-3897","page","type-page","status-publish","hentry"],"aioseo_notices":[],"_links":{"self":[{"href":"https:\/\/atlantichealthwellnesssummit.com\/eng\/wp-json\/wp\/v2\/pages\/3897","targetHints":{"allow":["GET"]}}],"collection":[{"href":"https:\/\/atlantichealthwellnesssummit.com\/eng\/wp-json\/wp\/v2\/pages"}],"about":[{"href":"https:\/\/atlantichealthwellnesssummit.com\/eng\/wp-json\/wp\/v2\/types\/page"}],"author":[{"embeddable":true,"href":"https:\/\/atlantichealthwellnesssummit.com\/eng\/wp-json\/wp\/v2\/users\/58"}],"replies":[{"embeddable":true,"href":"https:\/\/atlantichealthwellnesssummit.com\/eng\/wp-json\/wp\/v2\/comments?post=3897"}],"version-history":[{"count":0,"href":"https:\/\/atlantichealthwellnesssummit.com\/eng\/wp-json\/wp\/v2\/pages\/3897\/revisions"}],"wp:attachment":[{"href":"https:\/\/atlantichealthwellnesssummit.com\/eng\/wp-json\/wp\/v2\/media?parent=3897"}],"curies":[{"name":"wp","href":"https:\/\/api.w.org\/{rel}","templated":true}]}}